 w is divided by d(8).
7
Let h(p) = p**3 - 4*p - 2*p + 1 + 7*p - 4*p**2. What is the remainder when 60 is divided by h(5)?
29
Suppose -g - 2*h + 7 = 0, 5*g - 2*h + 11 = 2*g. Let c(p) = p**2 + 7*p + 3. Let v be c(-7). Calculate the remainder when g + 28 + 2 + v is divided by 11.
10
Let y = 13 - 7. Let f(d) = -3*d - 15. Suppose -4*b = 3*s - 5*s - 4, 4*s - 3*b = -23. What is the remainder when f(s) is divided by y?
3
Suppose 2*q - 15 - 57 = 4*v, 5*v = -q + 1. Let y = q - 22. Suppose -2*u = -2*w - 206, -3*u = -5*u + y*w + 216. What is the remainder when u is divided by 25?
23
Let d = 18 - -8. Let a = d - -45. Calculate the remainder when a is divided by 18.
17
Suppose -188 = -10*g - 18. What is the remainder when 111 is divided by g?
9
Let y = 42 + -20. Suppose 5*k - y - 23 = 0. Calculate the remainder when k is divided by 3.
0
Let l(n) = -n**3 + 2*n + 1 - 18*n**2 + 15*n**2 - 2 - n. Suppose -3*w - 4*f - 8 = -4*w, -2*w - 5*f - 23 = 0. Calculate the remainder when 31 is divided by l(w).
9
Suppose -1 = w + 19. Calculate the remainder when 168 is divided by 411/12 + 5/w.
32
Suppose -10 = -2*v - 3*v. Suppose 3*p + 13 = 61. Suppose v*k + p = 148. Calculate the remainder when k is divided by 17.
15
Let w(r) = -11*r + 65. Calculate the remainder when 98 is divided by w(4).
14
Let h = 100 + -92. Let b = 15 + -7. Calculate the remainder when h is divided by (0 - -1) + b/2.
3
Let b(r) be the third derivative of -7*r**4/12 + 3*r**2. What is the remainder when 23 is divided by b(-1)?
9
Let f(n) = -n**2 + 10*n - 5. Let v = -18 - -27. Suppose 2*r - 25 + 7 = 0. What is the remainder when r is divided by f(v)?
1
Suppose -14 = 5*r - 6*r. Let k = 20 - r. Calculate the remainder when 23 is divided by k.
5
Let x = 14 + 3. Let c = -17 + x. Suppose u + z - 6*z - 2 = c, -5*z = -3*u + 16. What is the remainder when 27 is divided by u?
6
Let s = -23 - -20. Let i(p) = p**3 + 3*p**2 - p + 2. Calculate the remainder when 7 is divided by i(s).
2
Let t(w) = -2*w**2 + 5*w**2 + 154*w**3 - 5*w**2 - 134*w**3 + 2*w. What is the remainder when t(1) is divided by 5?
0
Let x(f) = f**3 - 16*f**2 + 63*f - 20. What is the remainder when 78 is divided by x(10)?
8
Suppose -5*s = -v + 65, 5*v + 0*s - 195 = -s. Let w = 303 + -281. Calculate the remainder when v is divided by w.
18
Let h = 18 - 14. Suppose -3*b + 5*b - 6 = 3*a, -2*a - h = -b. Let p = 34 + a. What is the remainder when 95 is divided by p?
31
Let i(x) be the third derivative of -x**6/120 - x**5/10 - x**4/8 + x**3 + 9*x**2. What is the remainder when 70 is divided by i(-6)?
22
Let r(s) = 41*s + 86. What is the remainder when 327 is divided by r(-2)?
3
Let n(j) = -j**3 + 3*j**2 - 2*j + 3. Let f be n(2). Let p = -4 - f. Calculate the remainder when 16 is divided by ((-60)/(-35))/((-2)/p).
4
Let o(m) = -m + 9. Let h be o(5). Let j(d) = 3*d. What is the remainder when j(h) is divided by (-93)/(-18) + (6 - 296/48)?
2
What is the remainder when 50 is divided by 2052/135 + 12/(-10)?
8
Suppose -l - 32*d = -36*d - 15, -3*l = -5*d - 31. What is the remainder when 8 is divided by l?
1
Suppose 3*h = 2*l - 126, -2*l - 5*h + 132 = 6. Calculate the remainder when l is divided by 8.
7
Let b(o) = -4*o - 90. Calculate the remainder when b(-25) is divided by 4.
2
Let h(s) = -s**3 - s**2 + 5*s + 2. Let o be h(2). Suppose -3*a - 6 = -3*f - a, o = 4*f + 2*a - 22. Calculate the remainder when 20 is divided by f.
0
Suppose 121*b + 98 = 128*b. Calculate the remainder when 26 is divided by b.
12
Let p = -64 + 68. Calculate the remainder when 27 is divided by 2 + (12/p - 3/(-3)).
3
Suppose -h + 6*h = -2*r - 12, -4 = -2*r - h. Suppose r*j = 5*k - 181, -25 = -4*k + 3*k - 2*j. Calculate the remainder when 0 + -3 + k/3 is divided by 3.
2
Let i = 95 + -346. Let u = -151 - i. What is the remainder when u is divided by 17?
15
Let n(v) = 6*v - 48. Let k be n(23). Suppose -9*z + 162 + k = 0. What is the remainder when 53 is divided by z?
25
Suppose c = 2*a - 4*a, 0 = -5*a - 4*c - 6. Suppose 342 + 122 = a*t. What is the remainder when t/(-10)*15/(-6) is divided by 15?
13
Let w = -15 - -15. What is the remainder when 28 is divided by -15*-1*(1 - w)?
13
Let i(v) = 45*v**2 + v + 1. Let m be (-451)/(-7) + (-3)/7. Suppose 7*w - 3*w - m = 0. What is the remainder when i(1) is divided by w?
15
Let a(o) be the first derivative of 17*o - 1/3*o**3 - 6 - 6*o**2. Calculate the remainder when 48 is divided by a(-12).
14
Let v = 73 + -43. Suppose 0 = n - 1, -3*h - 3*n + 9 + 3 = 0. Suppose h*w - v = -3*z, 3*z = 2*w + 4*z - 18. Calculate the remainder when 22 is divided by w.
6
Suppose 10*f = 786 - 416. What is the remainder when 297 is divided by f?
1
Let l(a) = a**3 - 36*a**2 - 35*a + 120. Calculate the remainder when l(37) is divided by 51.
41
Let g(n) = 0 + 0 + 69*n - 30*n - 2 - 2*n**2. What is the remainder when g(19) is divided by 13?
4
Suppose 0 = -11*r + 119 + 387. What is the remainder when r is divided by 13?
7
Suppose -1620 = -25*v + 1105. Calculate the remainder when v is divided by 60.
49
Suppose 0*z = 3*z - 69. Let y = -4292 + 4428. What is the remainder when y is divided by z?
21
Suppose -10 = -3*z + 5*z, z + 30 = 5*i. Suppose v = -2*c + c + 7, -3*c - i*v + 21 = 0. Calculate the remainder when c is divided by ((-1)/(-2))/((-3)/18*-1).
1
Let c = 73 + -42. What is the remainder when 61 is divided by c?
30
Suppose -5*l + 25 = -3*u, 2*l = 3*l + u - 5. Let w(p) = -5*p**3 + p**2. Calculate the remainder when w(-2) is divided by l.
4
Let w be ((-63)/(-42))/(2/4). Suppose 0*b = -4*c + w*b + 55, 2*b = -2. Calculate the remainder when 44 is divided by c.
5
Let z(l) = l**3 + 5*l**2 - 3*l + 3. Let c = -50 + 102. Let o = -41 + c. Calculate the remainder when z(-3) is divided by o.
8
Let y(n) = -n**3 - 8*n**2 - 3*n - 73. Calculate the remainder when y(-10) is divided by 5.
2
Let h be ((-6)/(-4) + 1 + -3)*-4. Suppose 2*d - 46 = h*t, 4*d - 13 - 44 = -3*t. What is the remainder when 70 is divided by d?
16
Let s be -2*(7 - 6) - (1 - 15). Calculate the remainder when 28 is divided by 9/s + 111/12.
8
Suppose 9 = 3*q, v + 56 = 2*q + 2*q. Let a = v - -57. Calculate the remainder when a is divided by 7.
6
Suppose -23*o = -5*l - 21*o + 150, -4*o + 5*o = 0. Suppose 2*m - 4*m = -224. What is the remainder when m is divided by l?
22
Suppose a - 164 = -4*c, -9*c + 4*c + 205 = 5*a. Suppose 111 + 93 = 3*y. Suppose 9 = 7*t - y. Calculate the remainder when c is divided by t.
8
Suppose -135 = -3*a + 36. What is the remainder when a is divided by 17?
6
Let y = -8 + 20. Let u be -4 + 0 + (-3 - -1). Calculate the remainder when 195/9 + (-2)/u is divided by y.
10
Let y(n) = -12*n**2 + 133*n + 8. Suppose -3*g + 21 = -9. Calculate the remainder when y(11) is divided by g.
9
Let s(y) = -7*y**3 + 2*y**2 + y + 1. Let u = -20 - -26. Calculate the remainder when s(-1) is divided by u.
3
Let d be (-10)/(-4)*(-24)/20. What is the remainder when 41 is divided by (-95)/(-15) - (-1)/d?
5
Let j(b) = b. Let h be j(3). Suppose -v + 0*g = -2*g - 8, -3*g = h*v - 6. What is the remainder when (-6)/v - (-1038)/12 is divided by 22?
19
Let x = -5 - -8. Suppose -29 = -x*j - u, -j + 19 = 4*u + u. What is the remainder when j is divided by -2*(-1 + (-2)/1)?
3
Let j be 15/(-4) - (-5)/(-20). Calculate the remainder when ((-42)/8)/(2/(-24)) is divided by 22*1 - 0/(-9 - j).
19
Calculate the remainder when 10/(-4)*-2 + (-84 - -86) is divided by 4.
3
Let i(f) = -5*f**2 - 2*f - 3. Let m be i(-3). Let z be (-2)/7 + 198/m. Calculate the remainder when z*1/(-5)*26 is divided by 9.
8
Let b(r) = -r**3 + 8*r**2 - 9*r - 9. Let j be b(6). Let x = 35 - j. Calculate the remainder when x is divided by 7.
5
Suppose -851*v = -853*v + 750. What is the remainder when v is divided by 95?
90
Let s be (-4)/14 + 264/42. Calculate the remainder when 42 is divided by 800/36 - s/27.
20
Let r = 50 - 48. Suppose k + r*q = 134, 500 = 4*k - 6*q + 2*q. What is the remainder when k is divided by 26?
24
Let o be (((-144)/10)/(-3))/(1/5). Let d = 16 - -41. Calculate the remainder when d is divided by ((-33)/4 + o/32)*-2.
12
Let r(q) = q**3 - 3*q**2 - 153*q + 26. What is the remainder when r(14) is divided by 13?
1
Let v = -105 - -385. Suppose -5*n + 435 + v = 2*s, -5*s = 0. What is the remainder when n is divided by 8?
7
Let u(l) = -2*l**2 + 7*l + 7. Let t 